{"id":55,"date":"2019-03-02T10:48:21","date_gmt":"2019-03-02T10:48:21","guid":{"rendered":"http:\/\/jucom-pr.de\/?page_id=55"},"modified":"2019-03-09T11:51:05","modified_gmt":"2019-03-09T11:51:05","slug":"social-media","status":"publish","type":"page","link":"http:\/\/jucom-pr.de\/?page_id=55","title":{"rendered":"Social Media"},"content":{"rendered":"<p>Social Media-Marketing ist f\u00fcr Unternehmen zu einem zentralen Kommunikationsmittel geworden. Ein erheblicher Anteil der Werbebudgets flie\u00dft heute in Kooperationen mit Prominenten und Influencern in den sozialen Medien. Diesen oft sehr jungen Stars fehlt h\u00e4ufig die Erfahrung im Umgang mit Kunden und Medien.<\/p>\n<p>Beide Seiten brauchen einen erfahrenen Partner an ihrer Seite, der sie betreut und ber\u00e4t.<\/p>\n<p>Sei es \u201cnur\u201d die Erstellung einer Facebook-Seite oder eine komplette Social Media-Marketing-Strategie \u2013 JuCom bietet dem Kunden genau das, was er braucht.<\/p>\n<p>&#8211; Erstellung, Weiterentwicklung und Pflege einer Social Media-Pr\u00e4senz<br \/>\n&#8211; Influencer Marketing<br \/>\n&#8211; Content Creation<\/p>\n","protected":false},"excerpt":{"rendered":"<p>Social Media-Marketing ist f\u00fcr Unternehmen zu einem zentralen Kommunikationsmittel geworden. Ein erheblicher Anteil der Werbebudgets flie\u00dft heute in Kooperationen mit Prominenten und Influencern in den sozialen Medien. Diesen oft sehr jungen Stars fehlt h\u00e4ufig die Erfahrung im Umgang mit Kunden und Medien. Beide Seiten brauchen einen erfahrenen Partner an ihrer Seite, der sie betreut und &hellip; <\/p>\n<p class=\"link-more\"><a href=\"http:\/\/jucom-pr.de\/?page_id=55\" class=\"more-link\"><span class=\"screen-reader-text\">\u201eSocial Media\u201c <\/span>weiterlesen<\/a><\/p>\n","protected":false},"author":1,"featured_media":42,"parent":2,"menu_order":0,"comment_status":"closed","ping_status":"closed","template":"","meta":{"footnotes":""},"class_list":["post-55","page","type-page","status-publish","has-post-thumbnail","hentry"],"_links":{"self":[{"href":"http:\/\/jucom-pr.de\/index.php?rest_route=\/wp\/v2\/pages\/55","targetHints":{"allow":["GET"]}}],"collection":[{"href":"http:\/\/jucom-pr.de\/index.php?rest_route=\/wp\/v2\/pages"}],"about":[{"href":"http:\/\/jucom-pr.de\/index.php?rest_route=\/wp\/v2\/types\/page"}],"author":[{"embeddable":true,"href":"http:\/\/jucom-pr.de\/index.php?rest_route=\/wp\/v2\/users\/1"}],"replies":[{"embeddable":true,"href":"http:\/\/jucom-pr.de\/index.php?rest_route=%2Fwp%2Fv2%2Fcomments&post=55"}],"version-history":[{"count":6,"href":"http:\/\/jucom-pr.de\/index.php?rest_route=\/wp\/v2\/pages\/55\/revisions"}],"predecessor-version":[{"id":97,"href":"http:\/\/jucom-pr.de\/index.php?rest_route=\/wp\/v2\/pages\/55\/revisions\/97"}],"up":[{"embeddable":true,"href":"http:\/\/jucom-pr.de\/index.php?rest_route=\/wp\/v2\/pages\/2"}],"wp:featuredmedia":[{"embeddable":true,"href":"http:\/\/jucom-pr.de\/index.php?rest_route=\/wp\/v2\/media\/42"}],"wp:attachment":[{"href":"http:\/\/jucom-pr.de\/index.php?rest_route=%2Fwp%2Fv2%2Fmedia&parent=55"}],"curies":[{"name":"wp","href":"https:\/\/api.w.org\/{rel}","templated":true}]}}