{"id":59,"date":"2019-03-02T10:50:57","date_gmt":"2019-03-02T10:50:57","guid":{"rendered":"http:\/\/jucom-pr.de\/?page_id=59"},"modified":"2019-03-08T11:35:28","modified_gmt":"2019-03-08T11:35:28","slug":"kommunikation","status":"publish","type":"page","link":"http:\/\/jucom-pr.de\/?page_id=59","title":{"rendered":"Kommunikation"},"content":{"rendered":"<p>Ob auf Presse-, Agentur- oder Unternehmensseite &#8211; bei JuCom kommt Expertise aus allen Blickwinkeln zusammen. Auf Basis dieser Erfahrung bietet JuCom dem Kunden eine umfassende Beratung in allen Aspekten der Kommunikationsarbeit. Dazu geh\u00f6ren:<\/p>\n<p>\u2013 Erarbeitung einer internen sowie externen Kommunikations-Strategie in Zusammenarbeit mit dem Kunden. Identifikation der Kernaussage, des USPs und der Zielsetzung des Unternehmens<\/p>\n<p>\u2013 Beratung und Unterst\u00fctzung bei der Umsetzung der Strategie mit den passenden Marketing- und PR-Ma\u00dfnahmen<\/p>\n<p>\u2013 Erstellung von Marketing- und Pressematerial \u2013 analog und digital<\/p>\n<p>&#8211; Aufbau und Pflege einer Social Media-Pr\u00e4senz auf allen Kan\u00e4len, die f\u00fcr den jeweiligen Kunden relevant sind<\/p>\n","protected":false},"excerpt":{"rendered":"<p>Ob auf Presse-, Agentur- oder Unternehmensseite &#8211; bei JuCom kommt Expertise aus allen Blickwinkeln zusammen. Auf Basis dieser Erfahrung bietet JuCom dem Kunden eine umfassende Beratung in allen Aspekten der Kommunikationsarbeit. Dazu geh\u00f6ren: \u2013 Erarbeitung einer internen sowie externen Kommunikations-Strategie in Zusammenarbeit mit dem Kunden. Identifikation der Kernaussage, des USPs und der Zielsetzung des Unternehmens &hellip; <\/p>\n<p class=\"link-more\"><a href=\"http:\/\/jucom-pr.de\/?page_id=59\" class=\"more-link\"><span class=\"screen-reader-text\">\u201eKommunikation\u201c <\/span>weiterlesen<\/a><\/p>\n","protected":false},"author":1,"featured_media":39,"parent":0,"menu_order":0,"comment_status":"closed","ping_status":"closed","template":"","meta":{"footnotes":""},"class_list":["post-59","page","type-page","status-publish","has-post-thumbnail","hentry"],"_links":{"self":[{"href":"http:\/\/jucom-pr.de\/index.php?rest_route=\/wp\/v2\/pages\/59","targetHints":{"allow":["GET"]}}],"collection":[{"href":"http:\/\/jucom-pr.de\/index.php?rest_route=\/wp\/v2\/pages"}],"about":[{"href":"http:\/\/jucom-pr.de\/index.php?rest_route=\/wp\/v2\/types\/page"}],"author":[{"embeddable":true,"href":"http:\/\/jucom-pr.de\/index.php?rest_route=\/wp\/v2\/users\/1"}],"replies":[{"embeddable":true,"href":"http:\/\/jucom-pr.de\/index.php?rest_route=%2Fwp%2Fv2%2Fcomments&post=59"}],"version-history":[{"count":2,"href":"http:\/\/jucom-pr.de\/index.php?rest_route=\/wp\/v2\/pages\/59\/revisions"}],"predecessor-version":[{"id":93,"href":"http:\/\/jucom-pr.de\/index.php?rest_route=\/wp\/v2\/pages\/59\/revisions\/93"}],"wp:featuredmedia":[{"embeddable":true,"href":"http:\/\/jucom-pr.de\/index.php?rest_route=\/wp\/v2\/media\/39"}],"wp:attachment":[{"href":"http:\/\/jucom-pr.de\/index.php?rest_route=%2Fwp%2Fv2%2Fmedia&parent=59"}],"curies":[{"name":"wp","href":"https:\/\/api.w.org\/{rel}","templated":true}]}}